{"id":80,"date":"2019-05-21T09:05:55","date_gmt":"2019-05-21T12:05:55","guid":{"rendered":"https:\/\/labcult.eci.ufmg.br\/epistemologiacomunitaria\/?page_id=80"},"modified":"2025-09-29T15:37:40","modified_gmt":"2025-09-29T18:37:40","slug":"antonio-sergio-moreira","status":"publish","type":"page","link":"https:\/\/eba.ufmg.br\/epistemologiascomunitarias\/index.php\/antonio-sergio-moreira\/","title":{"rendered":"Ant\u00f3nio S\u00e9rgio Moreira"},"content":{"rendered":"<p><a href=\"https:\/\/labcult.eci.ufmg.br\/epistemologiacomunitaria\/wp-content\/uploads\/2019\/05\/IMG_875.jpg\"><img decoding=\"async\" loading=\"lazy\" class=\"aligncenter wp-image-111 size-full\" src=\"https:\/\/labcult.eci.ufmg.br\/epistemologiacomunitaria\/wp-content\/uploads\/2019\/05\/IMG_875-e1559786129210.jpg\" alt=\"\" width=\"1110\" height=\"623\" \/><\/a><\/p>\n<blockquote><p><span style=\"color: #999999;\">O dono \u00a0da minha cabe\u00e7a<\/span><\/p>\n<p><span style=\"color: #999999;\">me d\u00e1 sentido,<\/span><\/p>\n<p><span style=\"color: #999999;\">faz meu cora\u00e7\u00e3o bater<\/span><\/p>\n<p><span style=\"color: #999999;\">forte como trov\u00e3o.<\/span><\/p>\n<p><span style=\"color: #999999;\">\u00c9 tu Air\u00e1,<\/span><\/p>\n<p><span style=\"color: #999999;\">dono da minha \u00a0cabe\u00e7a,<\/span><\/p>\n<p><span style=\"color: #999999;\">tua for\u00e7a \u00e9 a minha certeza na vit\u00f3ria,<\/span><\/p>\n<p><span style=\"color: #999999;\">na ponta da espada.<\/span><\/p>\n<p><span style=\"color: #999999;\">Diante do inimigo tenho medo,<\/span><\/p>\n<p><span style=\"color: #999999;\">porque tu Air\u00e1, me pede para cort\u00e1-lo\u00a0 ao meio.<\/span><\/p>\n<p><span style=\"color: #999999;\">E Xang\u00f4 faz meus olhos ficarem vermelhos,<\/span><\/p>\n<p><span style=\"color: #999999;\">vermelhos \u00a0como brasa,<\/span><\/p>\n<p><span style=\"color: #999999;\">porque tamb\u00e9m \u00a0sou seu Ojuob\u00e1,<\/span><\/p>\n<p><span style=\"color: #999999;\">Xang\u00f4 \u00e9 o dono do meu cora\u00e7\u00e3o,<\/span><\/p>\n<p><span style=\"color: #999999;\">cuspo fogo quando clamo por ti na guerra,<\/span><\/p>\n<p><span style=\"color: #999999;\">destruo meu inimigo , que \u00e9 de ti tamb\u00e9m. (&#8230;)<\/span><\/p>\n<p><span style=\"color: #999999;\">(Moreira, Ant\u00f3nio S\u00e9rgio. <strong>N\u00f3s dois<\/strong>. \u00a0Poema escrito em 2007. In: <strong>Objeto Oriki. Corpus e habitus= arte<\/strong>, 2012)<\/span><\/p>\n<p><span style=\"color: #999999;\">Meu nome \u00e9 Ant\u00f3nio S\u00e9rgio Moreira. Nasci em 1963. Sou mineiro de Belo Horizonte.\u00a0\u00a0 Todo o meu processo\u00a0de\u00a0\u00a0trabalho, independentemente da religiosidade,\u00a0\u00a0se equilibra dentro de um universo de tempo circular,\u00a0que \u00e9 tamb\u00e9m,\u00a0base de uma religiosidade de matriz africana.\u00a0\u00a0Eu desenvolvo todo\u00a0\u00a0esse processo criativo&#8230;\u00a0Ora, eu\u00a0\u00a0estou falando de <em>or\u00edk\u00ecs<\/em>.\u00a0Ora, eu estou falando de di\u00e1spora.\u00a0Ora, eu estou\u00a0 falando de arte contempor\u00e2nea.\u00a0Quando estou falando do universo que trago de refer\u00eancia e\u00a0\u00a0que me d\u00e1 equil\u00edbrio&#8230; Eu estou usando o objeto\u00a0\u00a0<em>or\u00edk\u00ec<\/em>. Quando estou falando de di\u00e1spora&#8230;\u00a0 Estou falando dos tr\u00e2nsitos dos negros pelo mundo.Quando eu estou falando de arte contempor\u00e2nea&#8230; \u00a0Estou executando o meu saber (que eu me formei ao longo desses anos para fazer este of\u00edcio)&#8230;O fazer art\u00edstico&#8230;<\/span><\/p><\/blockquote>\n<p><!--more--><\/p>\n<h5><img decoding=\"async\" loading=\"lazy\" class=\"size-medium wp-image-1112 aligncenter\" src=\"https:\/\/eba.ufmg.br\/epistemologiascomunitarias\/wp-content\/uploads\/2019\/08\/cropped-LOGO-EC-Final-modelo-2-1-300x300.png\" alt=\"\" width=\"300\" height=\"300\" srcset=\"https:\/\/eba.ufmg.br\/epistemologiascomunitarias\/wp-content\/uploads\/2019\/08\/cropped-LOGO-EC-Final-modelo-2-1-300x300.png 300w, https:\/\/eba.ufmg.br\/epistemologiascomunitarias\/wp-content\/uploads\/2019\/08\/cropped-LOGO-EC-Final-modelo-2-1-150x150.png 150w, https:\/\/eba.ufmg.br\/epistemologiascomunitarias\/wp-content\/uploads\/2019\/08\/cropped-LOGO-EC-Final-modelo-2-1-270x270.png 270w, https:\/\/eba.ufmg.br\/epistemologiascomunitarias\/wp-content\/uploads\/2019\/08\/cropped-LOGO-EC-Final-modelo-2-1-192x192.png 192w, https:\/\/eba.ufmg.br\/epistemologiascomunitarias\/wp-content\/uploads\/2019\/08\/cropped-LOGO-EC-Final-modelo-2-1-180x180.png 180w, https:\/\/eba.ufmg.br\/epistemologiascomunitarias\/wp-content\/uploads\/2019\/08\/cropped-LOGO-EC-Final-modelo-2-1-32x32.png 32w, https:\/\/eba.ufmg.br\/epistemologiascomunitarias\/wp-content\/uploads\/2019\/08\/cropped-LOGO-EC-Final-modelo-2-1.png 512w\" sizes=\"(max-width: 300px) 100vw, 300px\" \/><\/h5>\n<h2><span style=\"color: #ff0000;\">TERRIT\u00d3RIOS PERFORMATIVOS:<\/span><\/h2>\n<h2 style=\"text-align: left;\"><span style=\"color: #666699;\">O LUGAR DA PO\u00c9TICA:<\/span><\/h2>\n<p><a href=\"https:\/\/labcult.eci.ufmg.br\/epistemologiacomunitaria\/index.php\/ape_gallery\/antonio-sergio-moreira\/\"><img decoding=\"async\" loading=\"lazy\" class=\"alignnone wp-image-122 size-large\" src=\"https:\/\/labcult.eci.ufmg.br\/epistemologiacomunitaria\/wp-content\/uploads\/2019\/05\/IMG_8676-min-1024x683.jpg\" alt=\"\" width=\"640\" height=\"427\" srcset=\"https:\/\/eba.ufmg.br\/epistemologiascomunitarias\/wp-content\/uploads\/2019\/05\/IMG_8676-min-1024x683.jpg 1024w, https:\/\/eba.ufmg.br\/epistemologiascomunitarias\/wp-content\/uploads\/2019\/05\/IMG_8676-min-300x200.jpg 300w, https:\/\/eba.ufmg.br\/epistemologiascomunitarias\/wp-content\/uploads\/2019\/05\/IMG_8676-min-768x512.jpg 768w, https:\/\/eba.ufmg.br\/epistemologiascomunitarias\/wp-content\/uploads\/2019\/05\/IMG_8676-min.jpg 2048w\" sizes=\"(max-width: 640px) 100vw, 640px\" \/><\/a><\/p>\n<p><img decoding=\"async\" loading=\"lazy\" class=\" wp-image-1112 aligncenter\" src=\"https:\/\/eba.ufmg.br\/epistemologiascomunitarias\/wp-content\/uploads\/2019\/08\/cropped-LOGO-EC-Final-modelo-2-1-300x300.png\" alt=\"\" width=\"360\" height=\"360\" srcset=\"https:\/\/eba.ufmg.br\/epistemologiascomunitarias\/wp-content\/uploads\/2019\/08\/cropped-LOGO-EC-Final-modelo-2-1-300x300.png 300w, https:\/\/eba.ufmg.br\/epistemologiascomunitarias\/wp-content\/uploads\/2019\/08\/cropped-LOGO-EC-Final-modelo-2-1-150x150.png 150w, https:\/\/eba.ufmg.br\/epistemologiascomunitarias\/wp-content\/uploads\/2019\/08\/cropped-LOGO-EC-Final-modelo-2-1-270x270.png 270w, https:\/\/eba.ufmg.br\/epistemologiascomunitarias\/wp-content\/uploads\/2019\/08\/cropped-LOGO-EC-Final-modelo-2-1-192x192.png 192w, https:\/\/eba.ufmg.br\/epistemologiascomunitarias\/wp-content\/uploads\/2019\/08\/cropped-LOGO-EC-Final-modelo-2-1-180x180.png 180w, https:\/\/eba.ufmg.br\/epistemologiascomunitarias\/wp-content\/uploads\/2019\/08\/cropped-LOGO-EC-Final-modelo-2-1-32x32.png 32w, https:\/\/eba.ufmg.br\/epistemologiascomunitarias\/wp-content\/uploads\/2019\/08\/cropped-LOGO-EC-Final-modelo-2-1.png 512w\" sizes=\"(max-width: 360px) 100vw, 360px\" \/><\/p>\n<h2 style=\"text-align: left;\"><span style=\"color: #666699;\">O LUGAR DA AUTORIA:<\/span><\/h2>\n<h1><span style=\"color: #ff0000;\">1.<\/span><\/h1>\n<h2><span style=\"color: #999999;\">RETRATO<\/span><\/h2>\n<p><iframe loading=\"lazy\" title=\"Ant\u00f3nio S\u00e9rgio Moreira. Retrato 1.\" width=\"640\" height=\"360\" src=\"https:\/\/www.youtube.com\/embed\/jEhokSN6AU4?feature=oembed\" frameborder=\"0\" allow=\"accelerometer; autoplay; clipboard-write; encrypted-media; gyroscope; picture-in-picture; web-share\" referrerpolicy=\"strict-origin-when-cross-origin\" allowfullscreen><\/iframe><\/p>\n<p style=\"text-align: right;\"><span style=\"color: #ffffff;\">Epistemologias Comunit\u00e1rias , 2019<\/span><\/p>\n<p style=\"text-align: right;\"><span style=\"color: #ffffff;\">Ant\u00f3nio S\u00e9rgio Moreira<\/span><\/p>\n<p style=\"text-align: right;\"><span style=\"color: #ffffff;\">\u00c1udio\/ Capta\u00e7\u00e3o de imagem (Skype): Janaina Barros Silva Viana<\/span><\/p>\n<p style=\"text-align: right;\"><span style=\"color: #ffffff;\">Registro fotogr\u00e1fico\/Cinegrafista: Wagner Leite Viana<\/span><\/p>\n<p style=\"text-align: right;\"><span style=\"color: #ffffff;\">Edi\u00e7\u00e3o de imagens\/transcri\u00e7\u00e3o\/tradu\u00e7\u00e3o: Rog\u00e9rio Rodrigues<\/span><\/p>\n<p style=\"text-align: right;\"><span style=\"color: #ffffff;\">\u00a0\u00a0\u00a0\u00a0\u00a0\u00a0\u00a0\u00a0\u00a0\u00a0\u00a0\u00a0\u00a0\u00a0\u00a0\u00a0\u00a0\u00a0\u00a0\u00a0\u00a0\u00a0\u00a0\u00a0\u00a0\u00a0\u00a0\u00a0\u00a0\u00a0\u00a0\u00a0\u00a0\u00a0\u00a0\u00a0\u00a0\u00a0\u00a0\u00a0\u00a0\u00a0\u00a0\u00a0\u00a0\u00a0\u00a0\u00a0\u00a0\u00a0\u00a0\u00a0\u00a0\u00a0\u00a0\u00a0\u00a0\u00a0\u00a0\u00a0\u00a0\u00a0\u00a0\u00a0\u00a0\u00a0\u00a0\u00a0\u00a0\u00a0\u00a0\u00a0\u00a0 \u00a0Ana Carolina Horikawa<\/span><\/p>\n<h2><img decoding=\"async\" loading=\"lazy\" class=\"aligncenter wp-image-897\" src=\"https:\/\/labcult.eci.ufmg.br\/epistemologiacomunitaria\/wp-content\/uploads\/2019\/08\/LOGO-EC-Final-modelo-2.png\" alt=\"\" width=\"360\" height=\"360\" \/><\/h2>\n<h1><span style=\"color: #ff0000;\">2.<\/span><\/h1>\n<h2><span style=\"color: #999999;\">RETRATO<\/span><\/h2>\n<h2><\/h2>\n<p><iframe loading=\"lazy\" title=\"Ant\u00f3nio S\u00e9rgio Moreira. Retrato 2.\" width=\"640\" height=\"360\" src=\"https:\/\/www.youtube.com\/embed\/Kj7SrJz5Mz4?feature=oembed\" frameborder=\"0\" allow=\"accelerometer; autoplay; clipboard-write; encrypted-media; gyroscope; picture-in-picture; web-share\" referrerpolicy=\"strict-origin-when-cross-origin\" allowfullscreen><\/iframe><\/p>\n<p style=\"text-align: right;\"><span style=\"color: #ffffff;\">Epistemologias Comunit\u00e1rias , 2019<\/span><\/p>\n<p style=\"text-align: right;\"><span style=\"color: #ffffff;\">Ant\u00f3nio S\u00e9rgio Moreira<\/span><\/p>\n<p style=\"text-align: right;\"><span style=\"color: #ffffff;\">\u00c1udio\/ Capta\u00e7\u00e3o de imagem (Skype): Janaina Barros Silva Viana<\/span><\/p>\n<p style=\"text-align: right;\"><span style=\"color: #ffffff;\">Registro fotogr\u00e1fico\/Cinegrafista: Wagner Leite Viana<\/span><\/p>\n<p style=\"text-align: right;\"><span style=\"color: #ffffff;\">Edi\u00e7\u00e3o de imagens\/transcri\u00e7\u00e3o\/tradu\u00e7\u00e3o: Rog\u00e9rio Rodrigues<\/span><\/p>\n<p style=\"text-align: right;\"><span style=\"color: #ffffff;\">\u00a0\u00a0\u00a0\u00a0\u00a0\u00a0\u00a0\u00a0\u00a0\u00a0\u00a0\u00a0\u00a0\u00a0\u00a0\u00a0\u00a0\u00a0\u00a0\u00a0\u00a0\u00a0\u00a0\u00a0\u00a0\u00a0\u00a0\u00a0\u00a0\u00a0\u00a0\u00a0\u00a0\u00a0\u00a0\u00a0\u00a0\u00a0\u00a0\u00a0\u00a0\u00a0\u00a0\u00a0\u00a0\u00a0\u00a0\u00a0\u00a0\u00a0\u00a0\u00a0\u00a0\u00a0\u00a0\u00a0\u00a0\u00a0\u00a0\u00a0\u00a0\u00a0\u00a0\u00a0\u00a0\u00a0\u00a0\u00a0\u00a0\u00a0\u00a0\u00a0\u00a0 \u00a0Ana Carolina Horikawa<\/span><\/p>\n<p><img decoding=\"async\" loading=\"lazy\" class=\"wp-image-937  aligncenter\" src=\"https:\/\/labcult.eci.ufmg.br\/epistemologiacomunitaria\/wp-content\/uploads\/2019\/08\/LOGO-EC-Final-Modelo-1-300x300.png\" alt=\"\" width=\"360\" height=\"360\" srcset=\"https:\/\/eba.ufmg.br\/epistemologiascomunitarias\/wp-content\/uploads\/2019\/08\/LOGO-EC-Final-Modelo-1-300x300.png 300w, https:\/\/eba.ufmg.br\/epistemologiascomunitarias\/wp-content\/uploads\/2019\/08\/LOGO-EC-Final-Modelo-1-150x150.png 150w, https:\/\/eba.ufmg.br\/epistemologiascomunitarias\/wp-content\/uploads\/2019\/08\/LOGO-EC-Final-Modelo-1.png 500w\" sizes=\"(max-width: 360px) 100vw, 360px\" \/><\/p>\n<h2 style=\"text-align: left;\"><span style=\"color: #666699;\">OUTROS TERRIT\u00d3RIOS:<\/span><\/h2>\n<p><iframe loading=\"lazy\" title=\"Action Painting - Open the Borders\" width=\"640\" height=\"360\" src=\"https:\/\/www.youtube.com\/embed\/w-yW1ohr_qY?feature=oembed\" frameborder=\"0\" allow=\"accelerometer; autoplay; clipboard-write; encrypted-media; gyroscope; picture-in-picture; web-share\" referrerpolicy=\"strict-origin-when-cross-origin\" allowfullscreen><\/iframe><\/p>\n<p class=\"title style-scope ytd-video-primary-info-renderer\"><span style=\"color: #ffffff;\">Action Painting &#8211; Open the Borders, 2017<\/span><\/p>\n<p><span style=\"color: #ffffff;\">Ant\u00f3nio S\u00e9rgio Moreira<\/span><\/p>\n<p><img decoding=\"async\" loading=\"lazy\" class=\"size-medium wp-image-1112 aligncenter\" src=\"https:\/\/eba.ufmg.br\/epistemologiascomunitarias\/wp-content\/uploads\/2019\/08\/cropped-LOGO-EC-Final-modelo-2-1-300x300.png\" alt=\"\" width=\"300\" height=\"300\" srcset=\"https:\/\/eba.ufmg.br\/epistemologiascomunitarias\/wp-content\/uploads\/2019\/08\/cropped-LOGO-EC-Final-modelo-2-1-300x300.png 300w, https:\/\/eba.ufmg.br\/epistemologiascomunitarias\/wp-content\/uploads\/2019\/08\/cropped-LOGO-EC-Final-modelo-2-1-150x150.png 150w, https:\/\/eba.ufmg.br\/epistemologiascomunitarias\/wp-content\/uploads\/2019\/08\/cropped-LOGO-EC-Final-modelo-2-1-270x270.png 270w, https:\/\/eba.ufmg.br\/epistemologiascomunitarias\/wp-content\/uploads\/2019\/08\/cropped-LOGO-EC-Final-modelo-2-1-192x192.png 192w, https:\/\/eba.ufmg.br\/epistemologiascomunitarias\/wp-content\/uploads\/2019\/08\/cropped-LOGO-EC-Final-modelo-2-1-180x180.png 180w, https:\/\/eba.ufmg.br\/epistemologiascomunitarias\/wp-content\/uploads\/2019\/08\/cropped-LOGO-EC-Final-modelo-2-1-32x32.png 32w, https:\/\/eba.ufmg.br\/epistemologiascomunitarias\/wp-content\/uploads\/2019\/08\/cropped-LOGO-EC-Final-modelo-2-1.png 512w\" sizes=\"(max-width: 300px) 100vw, 300px\" \/><\/p>\n<p><iframe loading=\"lazy\" title=\"Performance: outras vis\u00f5es\" width=\"640\" height=\"360\" src=\"https:\/\/www.youtube.com\/embed\/a6D52fCOJKE?feature=oembed\" frameborder=\"0\" allow=\"accelerometer; autoplay; clipboard-write; encrypted-media; gyroscope; picture-in-picture; web-share\" referrerpolicy=\"strict-origin-when-cross-origin\" allowfullscreen><\/iframe><\/p>\n<p><span style=\"color: #ffffff;\">Outras vis\u00f5es e outras formas, 2016<\/span><\/p>\n<p><span style=\"color: #ffffff;\">Ant\u00f3nio S\u00e9rgio Moreira<\/span><\/p>\n<p><img decoding=\"async\" loading=\"lazy\" class=\"size-medium wp-image-1112 aligncenter\" src=\"https:\/\/eba.ufmg.br\/epistemologiascomunitarias\/wp-content\/uploads\/2019\/08\/cropped-LOGO-EC-Final-modelo-2-1-300x300.png\" alt=\"\" width=\"300\" height=\"300\" srcset=\"https:\/\/eba.ufmg.br\/epistemologiascomunitarias\/wp-content\/uploads\/2019\/08\/cropped-LOGO-EC-Final-modelo-2-1-300x300.png 300w, https:\/\/eba.ufmg.br\/epistemologiascomunitarias\/wp-content\/uploads\/2019\/08\/cropped-LOGO-EC-Final-modelo-2-1-150x150.png 150w, https:\/\/eba.ufmg.br\/epistemologiascomunitarias\/wp-content\/uploads\/2019\/08\/cropped-LOGO-EC-Final-modelo-2-1-270x270.png 270w, https:\/\/eba.ufmg.br\/epistemologiascomunitarias\/wp-content\/uploads\/2019\/08\/cropped-LOGO-EC-Final-modelo-2-1-192x192.png 192w, https:\/\/eba.ufmg.br\/epistemologiascomunitarias\/wp-content\/uploads\/2019\/08\/cropped-LOGO-EC-Final-modelo-2-1-180x180.png 180w, https:\/\/eba.ufmg.br\/epistemologiascomunitarias\/wp-content\/uploads\/2019\/08\/cropped-LOGO-EC-Final-modelo-2-1-32x32.png 32w, https:\/\/eba.ufmg.br\/epistemologiascomunitarias\/wp-content\/uploads\/2019\/08\/cropped-LOGO-EC-Final-modelo-2-1.png 512w\" sizes=\"(max-width: 300px) 100vw, 300px\" \/><\/p>\n<p><iframe loading=\"lazy\" title=\"Inv\u00f3lucro Percep\u00e7\u00f5es da Forma: corpo, imagem, mem\u00f3ria\" width=\"640\" height=\"480\" src=\"https:\/\/www.youtube.com\/embed\/L4dOsaDxPbs?feature=oembed\" frameborder=\"0\" allow=\"accelerometer; autoplay; clipboard-write; encrypted-media; gyroscope; picture-in-picture; web-share\" referrerpolicy=\"strict-origin-when-cross-origin\" allowfullscreen><\/iframe><\/p>\n<p class=\"title style-scope ytd-video-primary-info-renderer\"><span style=\"color: #ffffff;\">Inv\u00f3lucro Percep\u00e7\u00f5es da Forma: corpo, imagem, mem\u00f3ria, 2015<\/span><\/p>\n<p><span style=\"color: #ffffff;\">S\u00e9rie Inv\u00f3lucros , 2005- 2006<\/span><\/p>\n<p><span style=\"color: #ffffff;\">Ant\u00f3nio S\u00e9rgio Moreira<\/span><\/p>\n<p><span style=\"color: #ffffff;\">Galerie Philippe Lawson<\/span><\/p>\n<p><span style=\"color: #ffffff;\">Exposition T\u00eates\u00a0 Insolites, Insolites Passages, 2014<\/span><\/p>\n<p><span style=\"color: #ffffff;\">Pari<\/span><\/p>\n<p><img decoding=\"async\" loading=\"lazy\" class=\"size-medium wp-image-1112 aligncenter\" src=\"https:\/\/eba.ufmg.br\/epistemologiascomunitarias\/wp-content\/uploads\/2019\/08\/cropped-LOGO-EC-Final-modelo-2-1-300x300.png\" alt=\"\" width=\"300\" height=\"300\" srcset=\"https:\/\/eba.ufmg.br\/epistemologiascomunitarias\/wp-content\/uploads\/2019\/08\/cropped-LOGO-EC-Final-modelo-2-1-300x300.png 300w, https:\/\/eba.ufmg.br\/epistemologiascomunitarias\/wp-content\/uploads\/2019\/08\/cropped-LOGO-EC-Final-modelo-2-1-150x150.png 150w, https:\/\/eba.ufmg.br\/epistemologiascomunitarias\/wp-content\/uploads\/2019\/08\/cropped-LOGO-EC-Final-modelo-2-1-270x270.png 270w, https:\/\/eba.ufmg.br\/epistemologiascomunitarias\/wp-content\/uploads\/2019\/08\/cropped-LOGO-EC-Final-modelo-2-1-192x192.png 192w, https:\/\/eba.ufmg.br\/epistemologiascomunitarias\/wp-content\/uploads\/2019\/08\/cropped-LOGO-EC-Final-modelo-2-1-180x180.png 180w, https:\/\/eba.ufmg.br\/epistemologiascomunitarias\/wp-content\/uploads\/2019\/08\/cropped-LOGO-EC-Final-modelo-2-1-32x32.png 32w, https:\/\/eba.ufmg.br\/epistemologiascomunitarias\/wp-content\/uploads\/2019\/08\/cropped-LOGO-EC-Final-modelo-2-1.png 512w\" sizes=\"(max-width: 300px) 100vw, 300px\" \/><\/p>\n<p><iframe loading=\"lazy\" title=\"Exposi\u00e7\u00e3o   Objeto Oriki: Corpus e Habitus = Arte\" width=\"640\" height=\"480\" src=\"https:\/\/www.youtube.com\/embed\/dz3WplJJRY4?list=PLf9cnrHnfzdcmALoV3vez4pJhrkJ9ncVk\" frameborder=\"0\" allow=\"accelerometer; autoplay; clipboard-write; encrypted-media; gyroscope; picture-in-picture; web-share\" referrerpolicy=\"strict-origin-when-cross-origin\" allowfullscreen><\/iframe><\/p>\n<p class=\"title style-scope ytd-video-primary-info-renderer\"><span style=\"color: #ffffff;\"><span style=\"color: #0000ff;\"><span style=\"color: #ffffff;\">Exposi\u00e7\u00e3o Objeto Oriki: Corpus<\/span><\/span>\u00a0e\u00a0Habitus = <span style=\"color: #0000ff;\"><span style=\"color: #ffffff;\">Arte, 2012<\/span><\/span><\/span><\/p>\n<p><span style=\"color: #ffffff;\">Ant\u00f3nio S\u00e9rgio Moreira<\/span><\/p>\n<p><span style=\"color: #ffffff;\">Programa Diversidade<\/span><\/p>\n<p><span style=\"color: #ffffff;\">TV Itarar\u00e9<\/span><\/p>\n<p><span style=\"color: #ffffff;\">Campina Grande\u00a0 (PB)<\/span><\/p>\n<p><img decoding=\"async\" loading=\"lazy\" class=\"size-medium wp-image-1112 aligncenter\" src=\"https:\/\/eba.ufmg.br\/epistemologiascomunitarias\/wp-content\/uploads\/2019\/08\/cropped-LOGO-EC-Final-modelo-2-1-300x300.png\" alt=\"\" width=\"300\" height=\"300\" srcset=\"https:\/\/eba.ufmg.br\/epistemologiascomunitarias\/wp-content\/uploads\/2019\/08\/cropped-LOGO-EC-Final-modelo-2-1-300x300.png 300w, https:\/\/eba.ufmg.br\/epistemologiascomunitarias\/wp-content\/uploads\/2019\/08\/cropped-LOGO-EC-Final-modelo-2-1-150x150.png 150w, https:\/\/eba.ufmg.br\/epistemologiascomunitarias\/wp-content\/uploads\/2019\/08\/cropped-LOGO-EC-Final-modelo-2-1-270x270.png 270w, https:\/\/eba.ufmg.br\/epistemologiascomunitarias\/wp-content\/uploads\/2019\/08\/cropped-LOGO-EC-Final-modelo-2-1-192x192.png 192w, https:\/\/eba.ufmg.br\/epistemologiascomunitarias\/wp-content\/uploads\/2019\/08\/cropped-LOGO-EC-Final-modelo-2-1-180x180.png 180w, https:\/\/eba.ufmg.br\/epistemologiascomunitarias\/wp-content\/uploads\/2019\/08\/cropped-LOGO-EC-Final-modelo-2-1-32x32.png 32w, https:\/\/eba.ufmg.br\/epistemologiascomunitarias\/wp-content\/uploads\/2019\/08\/cropped-LOGO-EC-Final-modelo-2-1.png 512w\" sizes=\"(max-width: 300px) 100vw, 300px\" \/><\/p>\n<p><iframe loading=\"lazy\" title=\"Making of  - Objeto Oriki: corpus+ habitus=arte.wmv\" width=\"640\" height=\"480\" src=\"https:\/\/www.youtube.com\/embed\/IQPowQXGeJY?feature=oembed\" frameborder=\"0\" allow=\"accelerometer; autoplay; clipboard-write; encrypted-media; gyroscope; picture-in-picture; web-share\" referrerpolicy=\"strict-origin-when-cross-origin\" allowfullscreen><\/iframe><\/p>\n<p class=\"title style-scope ytd-video-primary-info-renderer\"><span style=\"color: #ffffff;\">Making of &#8211; Objeto Oriki: corpus+ habitus=arte, 2010<\/span><\/p>\n<p><span style=\"color: #ffffff;\">Ant\u00f3nio S\u00e9rgio Moreira<\/span><\/p>\n<p><span style=\"color: #ffffff;\">Centro Cultural da Universidade Federal de Minas Gerais<\/span><\/p>\n<p><span style=\"color: #ffffff;\">Belo Horizonte<\/span><\/p>\n<p><img decoding=\"async\" loading=\"lazy\" class=\"size-medium wp-image-1112 aligncenter\" src=\"https:\/\/eba.ufmg.br\/epistemologiascomunitarias\/wp-content\/uploads\/2019\/08\/cropped-LOGO-EC-Final-modelo-2-1-300x300.png\" alt=\"\" width=\"300\" height=\"300\" srcset=\"https:\/\/eba.ufmg.br\/epistemologiascomunitarias\/wp-content\/uploads\/2019\/08\/cropped-LOGO-EC-Final-modelo-2-1-300x300.png 300w, https:\/\/eba.ufmg.br\/epistemologiascomunitarias\/wp-content\/uploads\/2019\/08\/cropped-LOGO-EC-Final-modelo-2-1-150x150.png 150w, https:\/\/eba.ufmg.br\/epistemologiascomunitarias\/wp-content\/uploads\/2019\/08\/cropped-LOGO-EC-Final-modelo-2-1-270x270.png 270w, https:\/\/eba.ufmg.br\/epistemologiascomunitarias\/wp-content\/uploads\/2019\/08\/cropped-LOGO-EC-Final-modelo-2-1-192x192.png 192w, https:\/\/eba.ufmg.br\/epistemologiascomunitarias\/wp-content\/uploads\/2019\/08\/cropped-LOGO-EC-Final-modelo-2-1-180x180.png 180w, https:\/\/eba.ufmg.br\/epistemologiascomunitarias\/wp-content\/uploads\/2019\/08\/cropped-LOGO-EC-Final-modelo-2-1-32x32.png 32w, https:\/\/eba.ufmg.br\/epistemologiascomunitarias\/wp-content\/uploads\/2019\/08\/cropped-LOGO-EC-Final-modelo-2-1.png 512w\" sizes=\"(max-width: 300px) 100vw, 300px\" \/><\/p>\n<h2><\/h2>\n<p><iframe loading=\"lazy\" title=\"Antonio Sergio Moreira  - Pr\u00eamio &quot;Saberes Gerais&quot;\" width=\"640\" height=\"360\" src=\"https:\/\/www.youtube.com\/embed\/Yn4Hxnw_KeM?feature=oembed\" frameborder=\"0\" allow=\"accelerometer; autoplay; clipboard-write; encrypted-media; gyroscope; picture-in-picture; web-share\" referrerpolicy=\"strict-origin-when-cross-origin\" allowfullscreen><\/iframe><\/p>\n<p><span style=\"color: #ffffff;\">Pr\u00eamio &#8220;Saberes <span style=\"color: #003366;\"><span style=\"color: #ffffff;\">Gerais&#8221;, 2025<\/span><\/span><\/span><\/p>\n<p><span style=\"color: #ffffff;\">Ant\u00f3nio S\u00e9rgio Moreira<\/span><\/p>\n<p><span style=\"color: #ffffff;\">SECULT\/MG Edital FEC 04 2024<\/span><\/p>\n<p><span style=\"color: #ffffff;\">Belo Horizonte<\/span><\/p>\n<p><img decoding=\"async\" loading=\"lazy\" class=\"size-medium wp-image-1112 aligncenter\" src=\"https:\/\/eba.ufmg.br\/epistemologiascomunitarias\/wp-content\/uploads\/2019\/08\/cropped-LOGO-EC-Final-modelo-2-1-300x300.png\" alt=\"\" width=\"300\" height=\"300\" srcset=\"https:\/\/eba.ufmg.br\/epistemologiascomunitarias\/wp-content\/uploads\/2019\/08\/cropped-LOGO-EC-Final-modelo-2-1-300x300.png 300w, https:\/\/eba.ufmg.br\/epistemologiascomunitarias\/wp-content\/uploads\/2019\/08\/cropped-LOGO-EC-Final-modelo-2-1-150x150.png 150w, https:\/\/eba.ufmg.br\/epistemologiascomunitarias\/wp-content\/uploads\/2019\/08\/cropped-LOGO-EC-Final-modelo-2-1-270x270.png 270w, https:\/\/eba.ufmg.br\/epistemologiascomunitarias\/wp-content\/uploads\/2019\/08\/cropped-LOGO-EC-Final-modelo-2-1-192x192.png 192w, https:\/\/eba.ufmg.br\/epistemologiascomunitarias\/wp-content\/uploads\/2019\/08\/cropped-LOGO-EC-Final-modelo-2-1-180x180.png 180w, https:\/\/eba.ufmg.br\/epistemologiascomunitarias\/wp-content\/uploads\/2019\/08\/cropped-LOGO-EC-Final-modelo-2-1-32x32.png 32w, https:\/\/eba.ufmg.br\/epistemologiascomunitarias\/wp-content\/uploads\/2019\/08\/cropped-LOGO-EC-Final-modelo-2-1.png 512w\" sizes=\"(max-width: 300px) 100vw, 300px\" \/><\/p>\n<h2><\/h2>\n<h2><\/h2>\n<h2><span style=\"color: #666699;\"><strong>P\u00c1GINA SOBRE O ARTISTA:<\/strong><\/span><\/h2>\n<p><span style=\"color: #ffffff;\">Instagram: @antonio_sergiomoreira<\/span><\/p>\n<p><span style=\"color: #999999;\"><span style=\"color: #ffffff;\"><a style=\"color: #ffffff;\" href=\"http:\/\/antoniosergiomoreira.blogspot.com\/\">http:\/\/antoniosergiomoreira.blogspot.com\/<\/a><\/span><\/span><\/p>\n<p><a href=\"https:\/\/enciclopedia.itaucultural.org.br\/pessoas\/62174-antonio-sergio-moreira\"><span style=\"color: #ffffff;\">https:\/\/enciclopedia.itaucultural.org.br\/pessoas\/62174-antonio-sergio-moreira<\/span><br \/>\n<\/a><\/p>\n<p><img decoding=\"async\" loading=\"lazy\" class=\" wp-image-896 aligncenter\" src=\"https:\/\/eba.ufmg.br\/epistemologiascomunitarias\/wp-content\/uploads\/2019\/08\/LOGO-EC-Final-com-escrita-Modelo-300x300.png\" alt=\"\" width=\"398\" height=\"398\" srcset=\"https:\/\/eba.ufmg.br\/epistemologiascomunitarias\/wp-content\/uploads\/2019\/08\/LOGO-EC-Final-com-escrita-Modelo-300x300.png 300w, https:\/\/eba.ufmg.br\/epistemologiascomunitarias\/wp-content\/uploads\/2019\/08\/LOGO-EC-Final-com-escrita-Modelo-150x150.png 150w, https:\/\/eba.ufmg.br\/epistemologiascomunitarias\/wp-content\/uploads\/2019\/08\/LOGO-EC-Final-com-escrita-Modelo.png 500w\" sizes=\"(max-width: 398px) 100vw, 398px\" \/><\/p>\n","protected":false},"excerpt":{"rendered":"<p>O dono \u00a0da minha cabe\u00e7a me d\u00e1 sentido, faz meu cora\u00e7\u00e3o bater forte como trov\u00e3o. \u00c9 tu Air\u00e1, dono da minha \u00a0cabe\u00e7a, tua for\u00e7a \u00e9 a minha certeza na vit\u00f3ria, na ponta da espada. Diante do inimigo tenho medo, porque tu Air\u00e1, me pede para cort\u00e1-lo\u00a0 ao meio. E Xang\u00f4 faz meus olhos ficarem vermelhos, [&hellip;]<\/p>\n","protected":false},"author":2,"featured_media":118,"parent":0,"menu_order":0,"comment_status":"closed","ping_status":"closed","template":"","meta":{"footnotes":""},"_links":{"self":[{"href":"https:\/\/eba.ufmg.br\/epistemologiascomunitarias\/index.php\/wp-json\/wp\/v2\/pages\/80"}],"collection":[{"href":"https:\/\/eba.ufmg.br\/epistemologiascomunitarias\/index.php\/wp-json\/wp\/v2\/pages"}],"about":[{"href":"https:\/\/eba.ufmg.br\/epistemologiascomunitarias\/index.php\/wp-json\/wp\/v2\/types\/page"}],"author":[{"embeddable":true,"href":"https:\/\/eba.ufmg.br\/epistemologiascomunitarias\/index.php\/wp-json\/wp\/v2\/users\/2"}],"replies":[{"embeddable":true,"href":"https:\/\/eba.ufmg.br\/epistemologiascomunitarias\/index.php\/wp-json\/wp\/v2\/comments?post=80"}],"version-history":[{"count":191,"href":"https:\/\/eba.ufmg.br\/epistemologiascomunitarias\/index.php\/wp-json\/wp\/v2\/pages\/80\/revisions"}],"predecessor-version":[{"id":3283,"href":"https:\/\/eba.ufmg.br\/epistemologiascomunitarias\/index.php\/wp-json\/wp\/v2\/pages\/80\/revisions\/3283"}],"wp:featuredmedia":[{"embeddable":true,"href":"https:\/\/eba.ufmg.br\/epistemologiascomunitarias\/index.php\/wp-json\/wp\/v2\/media\/118"}],"wp:attachment":[{"href":"https:\/\/eba.ufmg.br\/epistemologiascomunitarias\/index.php\/wp-json\/wp\/v2\/media?parent=80"}],"curies":[{"name":"wp","href":"https:\/\/api.w.org\/{rel}","templated":true}]}}